6?
-3
What is 47 (base 12) in base 13?
43
Convert -10010010 (base 2) to base 12.
-102
3 (base 10) to base 6
3
Convert -22 (base 16) to base 15.
-24
What is -10 (base 5) in base 15?
-5
Convert -1 (base 10) to base 9.
-1
What is -8 (base 10) in base 7?
-11
1 (base 8) to base 6
1
Convert a (base 12) to base 13.
a
What is -3 (base 5) in base 11?
-3
What is -14 (base 12) in base 13?
-13
2d (base 16) to base 4
231
Convert -1d (base 15) to base 2.
-11100
3 (base 9) to base 2
11
-3 (base 13) to base 15
-3
21 (base 5) to base 8
13
What is -135 (base 6) in base 9?
-65
Convert 35 (base 13) to base 6.
112
-22210 (base 3) to base 7
-456
What is -8 (base 16) in base 11?
-8
Convert 0 (base 14) to base 8.
0
What is 3 (base 15) in base 11?
3
What is 3 (base 12) in base 14?
3
Convert 2221 (base 3) to base 13.
61
Convert 5 (base 7) to base 9.
5
Convert -1 (base 8) to base 4.
-1
9 (base 10) to base 7
12
2 (base 5) to base 13
2
Convert -22 (base 5) to base 11.
-11
What is 14 (base 9) in base 7?
16
Convert -10 (base 7) to base 10.
-7
-2211 (base 4) to base 6
-433
Convert 22 (base 8) to base 16.
12
-3 (base 16) to base 14
-3
Convert -7 (base 11) to base 5.
-12
11 (base 6) to base 10
7
What is 20 (base 3) in base 9?
6
What is -3 (base 4) in base 8?
-3
What is 103 (base 5) in base 15?
1d
Convert -1 (base 5) to base 16.
-1
What is -3 (base 7) in base 13?
-3
What is 2 (base 14) in base 4?
2
-155 (base 10) to base 5
-1110
What is -d (base 14) in base 15?
-d
Convert -2 (base 10) to base 8.
-2
Convert -21 (base 8) to base 4.
-101
What is 18 (base 13) in base 8?
25
Convert -14 (base 15) to base 4.
-103
1 (base 11) to base 5
1
Convert -24 (base 6) to base 11.
-15
What is 27 (base 12) in base 15?
21
-43 (base 10) to base 14
-31
What is 11 (base 4) in base 10?
5
What is -15 (base 13) in base 8?
-22
-4 (base 8) to base 10
-4
Convert -ac (base 13) to base 9.
-167
Convert 6 (base 15) to base 8.
6
Convert -2 (base 9) to base 4.
-2
Convert 1 (base 7) to base 8.
1
What is 23 (base 9) in base 14?
17
42 (base 7) to base 11
28
4 (base 8) to base 14
4
-3 (base 6) to base 8
-3
What is 220 (base 3) in base 8?
30
What is -4 (base 9) in base 5?
-4
Convert -2 (base 11) to base 8.
-2
-16 (base 8) to base 2
-1110
Convert 11 (base 5) to base 7.
6
What is -33 (base 13) in base 7?
-60
Convert -6 (base 15) to base 11.
-6
What is 1 (base 8) in base 4?
1
What is 152 (base 6) in base 5?
233
What is -51 (base 7) in base 5?
-121
Convert 6a (base 13) to base 4.
1120
What is 542 (base 7) in base 6?
1135
-2 (base 13) to base 15
-2
24 (base 7) to base 16
12
Convert 135 (base 9) to base 3.
11012
What is -33 (base 16) in base 2?
-110011
-1 (base 10) to base 9
-1
Convert -1 (base 16) to base 6.
-1
-28 (base 10) to base 4
-130
What is 1 (base 15) in base 7?
1
What is 4 (base 12) in base 16?
4
Convert -21 (base 4) to base 13.
-9
What is d7 (base 16) in base 8?
327
What is 101 (base 2) in base 9?
5
Convert -16 (base 14) to base 15.
-15
Convert -211 (base 8) to base 2.
-10001001
What is 15 (base 16) in base 3?
210
Convert -1000001 (base 2) to base 11.
-5a
-45 (base 6) to base 11
-27
What is -113 (base 11) in base 3?
-12000
What is 3 (base 16) in base 13?
3
Convert 0 (base 12) to base 14.
0
Convert -e (base 16) to base 15.
-e
Convert -6 (base 10) to base 15.
-6
Convert -5 (base 12) to base 15.
-5
Convert -5 (base 9) to base 4.
-11
What is 3 (base 9) in base 14?
3
What is 19 (base 14) in base 11?
21
What is -121 (base 3) in base 2?
-10000
63 (base 13) to base 7
144
-50 (base 15) to base 6
-203
Convert -101 (base 3) to base 9.
-11
Convert 5b (base 16) to base 9.
111
2 (base 8) to base 5
2
What is 11 (base 5) in base 13?
6
What is 6 (base 12) in base 7?
6
What is -1000 (base 2) in base 7?
-11
Convert -10110 (base 3) to base 13.
-72
Convert -5 (base 16) to base 8.
-5
Convert 1 (base 14) to base 6.
1
Convert 163 (base 11) to base 12.
13a
561 (base 7) to base 16
120
Convert -200 (base 5) to base 7.
-101
Convert 0 (base 12) to base 8.
0
What is 50 (base 7) in base 8?
43
-22 (base 13) to base 9
-31
23 (base 15) to base 12
29
-1001100 (base 2) to base 7
-136
Convert -11 (base 3) to base 9.
-4
-10101 (base 2) to base 9
-23
-4 (base 14) to base 3
-11
-1 (base 9) to base 13
-1
What is 0 (base 6) in base 9?
0
What is a1 (base 13) in base 4?
2003
Convert -8 (base 10) to base 11.
-8
-1 (base 11) to base 7
-1
10 (base 3) to base 2
11
What is -a9 (base 12) in base 16?
-81
1 (base 6) to base 8
1
-4b (base 12) to base 5
-214
Convert 3 (base 4) to base 6.
3
What is -3 (base 10) in base 7?
-3
-3 (base 10) to base 9
-3
What is -44 (base 6) in base 8?
-34
What is -77 (base 8) in base 15?
-43
What is -b9 (base 16) in base 15?
-c5
2 (base 7) to base 5
2
-1 (base 16) to base 6
-1
What is 1 (base 2) in base 4?
1
-11011 (base 2) to base 3
-1000
Convert 21 (base 3) to base 13.
7
-2 (base 15) to base 11
-2
Convert -17 (base 11) to base 6.
-30
What is -4 (base 10) in base 12?
-4
Convert 29 (base 11) to base 4.
133
-132 (base 4) to base 10
-30
1 (base 16) to base 11
1
What is 5 (base 12) in base 3?
12
Convert 12 (base 9) to base 4.
23
Convert 1 (base 2) to base 7.
1
-3 (base 14) to base 4
-3
What is -17 (base 12) in base 3?
-201
Convert 14 (base 5) to base 14.
9
What is 2 (base 3) in base 6?
2
42 (base 9) to base 8
46
31 (base 8) to base 9
27
What is 1 (base 2) in base 7?
1
What is 203 (base 5) in base 3?
1222
Convert -110 (base 3) to base 10.
-12
Convert -89 (base 12) to base 15.
-70
Convert 48 (base 10) to base 11.
44
What is -1010 (base 2) in base 11?
-a
Convert 110 (base 10) to base 7.
215
Convert -8 (base 10) to base 6.
-12
What is 30 (base 6) in base 2?
10010
What is -1053 (base 7) in base 9?
-463
What is -2 (base 15) in base 3?
-2
Convert 275 (base 8) to base 12.
139
Convert 2 (base 11) to base 8.
2
6 (base 13) to base 10
6
What is -2 (base 7) in base 16?
-2
Convert -3 (base 12) to base 6.
-3
What is 112 (base 7) in base 14?
42
7 (base 10) to base 5
12
Convert a (base 13) to base 10.
10
What is -18 (base 12) in base 13?
-17
What is -1223 (base 5) in base 8?
-274
11 (base 10) to base 6
15
Convert -47 (base 10) to base 12.
-3b
-332 (base 6) to base 15
-88
-4 (base 14) to base 10
-4
What is 266 (base 10) in base 4?
10022
Convert 0 (base 15) to base 4.
0
Convert 60 (base 13) to base 10.
78
Convert -43 (base 5) to base 2.
-10111
Convert -26 (base 11) to base 14.
-20
b (base 13) to base 16
b
Convert -2 (base 12) to base 4.
-2
What is 50 (base 12) in base 6?
140
What is -13 (base 9) in base 3?
-110
-200 (base 5) to base 12
-42
0 (base 9) to base 2
0
What is 1 (base 16) in base 8?
1
Convert -2231 (base 4) to base 6.
-445
129 (base 11) to base 16
98
What is 2 (base 9) in base 8?
2
Convert 113 (base 7) to base 4.
323
3 (base 10) to base 9
3
What is 3 (base 5) in base 13?
3
What is 1a (base 15) in base 8?
31
-101111 (base 2) to base 10
-47
Convert -43 (base 10) to base 15.
-2d
What is -2 (base 4) in base 16?
-2
e (base 16) to base 10
14
What is -323 (base 5) in base 16?
-58
What is 1 (base 10) in base 12?
1
Convert -9 (base 11) to base 9.
-10
-1 (base 16) to base 7
-1
-3 (base 12) to base 3
-10
-111010 (base 2) to base 12
-4a
What is 0 (base 4) in base 5?
0
What is 243 (base 5) in base 3?
2201
What is 216 (base 7) in base 2?
1101111
What is 13 (base 16) in base 15?
14
-103 (base 4) to base 11
-18
13 (base 11) to base 5
24
Convert 211 (base 9) to base 14.
c4
10 (base 3) to base 11
3
0 (base 12) to base 8
0
What is -1031 (base 5) in base 3?
-12020
What is -1 (base 9) in base 2?
-1
What is 1023 (base 5) in base 4?
2022
What is 7 (base 12) in base 5?
12
Convert -11 (base 3) to base 11.
-4
-10 (base 7) to base 6
-11
What is 9 (base 14) in base 9?
10
21 (base 10) to base 13
18
101 (base 3) to base 2
1010
Convert 8b (base 15) to base 10.
131
7 (base 8) to base 14
7
What is -15a (base 11) in base 2?
-10111010
6 (base 9) to base 11
6
What is -5 (base 13) in base 6?
-5
What is 1 (base 12) in base 15?
1
Convert -112 (base 13) to base 12.
-134
Convert -5 (base 15) to base 9.
-5
Convert 1101011 (base 2) to base 14.
79
2c (base 15) to base 4
222
-2 (base 6) to base 16
-2
2 (base 7) to base 15
2
1 (base 6) to base 13
1
Convert 100 (base 2) to base 5.
4
What is -17 (base 8) in base 10?
-15
15 (base 9) to base 3
112
What is 101 (base 3) in base 2?
1010
What is 